{"id":236,"date":"2021-06-01T22:16:08","date_gmt":"2021-06-01T22:16:08","guid":{"rendered":"http:\/\/fs-inspection.com\/?page_id=236"},"modified":"2023-11-07T19:12:52","modified_gmt":"2023-11-08T00:12:52","slug":"services-dinspection-professionnel","status":"publish","type":"page","link":"https:\/\/fs-inspection.com\/index.php\/services-dinspection-professionnel\/","title":{"rendered":"services dinspection professionnel"},"content":{"rendered":"<body>\t\t<div data-elementor-type=\"wp-page\" data-elementor-id=\"236\" class=\"elementor elementor-236\" data-elementor-settings='{\"ha_cmc_init_switcher\":\"no\"}'>\n\t\t\t\t\t\t<section class=\"elementor-section elementor-top-section elementor-element elementor-element-f7576fa elementor-section-boxed elementor-section-height-default elementor-section-height-default\" data-id=\"f7576fa\" data-element_type=\"section\" data-e-type=\"section\" data-settings='{\"background_background\":\"classic\",\"_ha_eqh_enable\":false}'>\n\t\t\t\t\t\t<div class=\"elementor-container elementor-column-gap-default\">\n\t\t\t\t\t<div class=\"elementor-column elementor-col-100 elementor-top-column elementor-element elementor-element-e8afd26\" data-id=\"e8afd26\" data-element_type=\"column\" data-e-type=\"column\">\n\t\t\t<div class=\"elementor-widget-wrap elementor-element-populated\">\n\t\t\t\t\t\t<div class=\"elementor-element elementor-element-d8a4458 elementor-widget elementor-widget-heading\" data-id=\"d8a4458\" data-element_type=\"widget\" data-e-type=\"widget\" data-widget_type=\"heading.default\">\n\t\t\t\t<div class=\"elementor-widget-container\">\n\t\t\t\t\t<h2 class=\"elementor-heading-title elementor-size-default\">Services d\u2019inspection professionnel\n<\/h2>\t\t\t\t<\/div>\n\t\t\t\t<\/div>\n\t\t\t\t<section class=\"elementor-section elementor-inner-section elementor-element elementor-element-9feedf5 elementor-section-boxed elementor-section-height-default elementor-section-height-default\" data-id=\"9feedf5\" data-element_type=\"section\" data-e-type=\"section\" data-settings='{\"_ha_eqh_enable\":false}'>\n\t\t\t\t\t\t<div class=\"elementor-container elementor-column-gap-default\">\n\t\t\t\t\t<div class=\"elementor-column elementor-col-50 elementor-inner-column elementor-element elementor-element-e335914\" data-id=\"e335914\" data-element_type=\"column\" data-e-type=\"column\">\n\t\t\t<div class=\"elementor-widget-wrap elementor-element-populated\">\n\t\t\t\t\t\t<div class=\"elementor-element elementor-element-141ae37 elementor-widget elementor-widget-text-editor\" data-id=\"141ae37\" data-element_type=\"widget\" data-e-type=\"widget\" data-widget_type=\"text-editor.default\">\n\t\t\t\t<div class=\"elementor-widget-container\">\n\t\t\t\t\t\t\t\t\t<p>Tel que d\u00e9crit par l\u2019APCHQ, \u00ab le but de l\u2019inspection est de donner au client une meilleure connaissance de l\u2019\u00e9tat de l\u2019immeuble convoit\u00e9 au moment de l\u2019inspection \u00bb.<\/p><p>Une\u00a0inspection professionnel\u00a0permet donc l\u2019identification des d\u00e9fauts mineurs ou majeurs d\u2019une propri\u00e9t\u00e9. Ces d\u00e9fauts pourraient brimer le futur acheteur de l\u2019usage de la propri\u00e9t\u00e9, pr\u00e9senter un risque \u00e0 la s\u00e9curit\u00e9 des occupants ou encore, diminuer la valeur de la propri\u00e9t\u00e9. Une inspection minutieuse et de qualit\u00e9 permet \u00e9galement de d\u00e9terminer l\u2019\u00e9tat des \u00e9l\u00e9ments au moment de l\u2019inspection. L\u2019inspecteur\u00a0a le devoir d\u2019informer ses clients de l\u2019\u00e9tat r\u00e9el des composantes visibles et accessibles de la propri\u00e9t\u00e9 au moment de sa visite.<\/p>\t\t\t\t\t\t\t\t<\/div>\n\t\t\t\t<\/div>\n\t\t\t\t\t<\/div>\n\t\t<\/div>\n\t\t\t\t<div class=\"elementor-column elementor-col-50 elementor-inner-column elementor-element elementor-element-fa5103d\" data-id=\"fa5103d\" data-element_type=\"column\" data-e-type=\"column\">\n\t\t\t<div class=\"elementor-widget-wrap elementor-element-populated\">\n\t\t\t\t\t\t\t<\/div>\n\t\t<\/div>\n\t\t\t\t\t<\/div>\n\t\t<\/section>\n\t\t\t\t<section class=\"elementor-section elementor-inner-section elementor-element elementor-element-f667bdb elementor-section-boxed elementor-section-height-default elementor-section-height-default\" data-id=\"f667bdb\" data-element_type=\"section\" data-e-type=\"section\" data-settings='{\"_ha_eqh_enable\":false}'>\n\t\t\t\t\t\t<div class=\"elementor-container elementor-column-gap-default\">\n\t\t\t\t\t<div class=\"elementor-column elementor-col-100 elementor-inner-column elementor-element elementor-element-1c954c7\" data-id=\"1c954c7\" data-element_type=\"column\" data-e-type=\"column\">\n\t\t\t<div class=\"elementor-widget-wrap elementor-element-populated\">\n\t\t\t\t\t\t<div class=\"elementor-element elementor-element-d410087 elementor-widget elementor-widget-text-editor\" data-id=\"d410087\" data-element_type=\"widget\" data-e-type=\"widget\" data-widget_type=\"text-editor.default\">\n\t\t\t\t<div class=\"elementor-widget-container\">\n\t\t\t\t\t\t\t\t\t<p>Pour l\u2019obtention de r\u00e9sultats optimaux, l\u2019inspection durera de deux \u00e0 trois heures, selon le type de propri\u00e9t\u00e9 et sa complexit\u00e9. Les inspecteurs se doivent de respecter la Norme de pratique de l\u2019<span lang=\"FR-CA\">APCHQ <\/span>lors de chaque inspection.<\/p><p>Plusieurs types d\u2019inspections sont possibles. Pour chacun d\u2019eux, les composantes visibles ou accessibles sont \u00e9valu\u00e9es, incluant le garage, le sous-sol ou vide sanitaire, l\u2019int\u00e9rieur, le vide sous-toit (grenier), l\u2019ext\u00e9rieur de la propri\u00e9t\u00e9, la toiture, la structure, la plomberie, l\u2019\u00e9lectricit\u00e9, les unit\u00e9s de chauffage et\/ou climatisation, l\u2019isolation et la ventilation.<\/p><p>Toute inspection se termine par la remise d\u2019un rapport complet et objectif, incluant photos et recommandations de l\u2019inspecteur.<\/p>\t\t\t\t\t\t\t\t<\/div>\n\t\t\t\t<\/div>\n\t\t\t\t\t<\/div>\n\t\t<\/div>\n\t\t\t\t\t<\/div>\n\t\t<\/section>\n\t\t\t\t<section class=\"elementor-section elementor-inner-section elementor-element elementor-element-654e251 elementor-section-boxed elementor-section-height-default elementor-section-height-default\" data-id=\"654e251\" data-element_type=\"section\" data-e-type=\"section\" data-settings='{\"_ha_eqh_enable\":false}'>\n\t\t\t\t\t\t<div class=\"elementor-container elementor-column-gap-default\">\n\t\t\t\t\t<div class=\"elementor-column elementor-col-100 elementor-inner-column elementor-element elementor-element-df715ab\" data-id=\"df715ab\" data-element_type=\"column\" data-e-type=\"column\">\n\t\t\t<div class=\"elementor-widget-wrap elementor-element-populated\">\n\t\t\t\t\t\t<div class=\"elementor-element elementor-element-725dd19 elementor-widget elementor-widget-heading\" data-id=\"725dd19\" data-element_type=\"widget\" data-e-type=\"widget\" data-widget_type=\"heading.default\">\n\t\t\t\t<div class=\"elementor-widget-container\">\n\t\t\t\t\t<h2 class=\"elementor-heading-title elementor-size-default\">Types d\u2019inspection\n<\/h2>\t\t\t\t<\/div>\n\t\t\t\t<\/div>\n\t\t\t\t\t<\/div>\n\t\t<\/div>\n\t\t\t\t\t<\/div>\n\t\t<\/section>\n\t\t\t\t<section class=\"elementor-section elementor-inner-section elementor-element elementor-element-c1bd218 elementor-section-boxed elementor-section-height-default elementor-section-height-default\" data-id=\"c1bd218\" data-element_type=\"section\" data-e-type=\"section\" data-settings='{\"_ha_eqh_enable\":false}'>\n\t\t\t\t\t\t<div class=\"elementor-container elementor-column-gap-default\">\n\t\t\t\t\t<div class=\"elementor-column elementor-col-50 elementor-inner-column elementor-element elementor-element-c0b192e\" data-id=\"c0b192e\" data-element_type=\"column\" data-e-type=\"column\">\n\t\t\t<div class=\"elementor-widget-wrap elementor-element-populated\">\n\t\t\t\t\t\t<div class=\"elementor-element elementor-element-41a2924 elementor-widget elementor-widget-image\" data-id=\"41a2924\" data-element_type=\"widget\" data-e-type=\"widget\" data-widget_type=\"image.default\">\n\t\t\t\t<div class=\"elementor-widget-container\">\n\t\t\t\t\t\t\t\t\t\t\t\t\t\t\t<img loading=\"lazy\" decoding=\"async\" width=\"400\" height=\"400\" src=\"https:\/\/fs-inspection.com\/wp-content\/uploads\/2021\/06\/achat2.png\" class=\"attachment-large size-large wp-image-245\" alt=\"\" srcset=\"https:\/\/fs-inspection.com\/wp-content\/uploads\/2021\/06\/achat2.png 400w, https:\/\/fs-inspection.com\/wp-content\/uploads\/2021\/06\/achat2-300x300.png 300w, https:\/\/fs-inspection.com\/wp-content\/uploads\/2021\/06\/achat2-150x150.png 150w\" sizes=\"auto, (max-width: 400px) 100vw, 400px\" loading=\"lazy\">\t\t\t\t\t\t\t\t\t\t\t\t\t\t\t<\/div>\n\t\t\t\t<\/div>\n\t\t\t\t\t<\/div>\n\t\t<\/div>\n\t\t\t\t<div class=\"elementor-column elementor-col-50 elementor-inner-column elementor-element elementor-element-9911cc6\" data-id=\"9911cc6\" data-element_type=\"column\" data-e-type=\"column\">\n\t\t\t<div class=\"elementor-widget-wrap elementor-element-populated\">\n\t\t\t\t\t\t<div class=\"elementor-element elementor-element-9fb0af3 elementor-widget elementor-widget-heading\" data-id=\"9fb0af3\" data-element_type=\"widget\" data-e-type=\"widget\" data-widget_type=\"heading.default\">\n\t\t\t\t<div class=\"elementor-widget-container\">\n\t\t\t\t\t<h2 class=\"elementor-heading-title elementor-size-default\">Inspection Pr\u00e9Achat<\/h2>\t\t\t\t<\/div>\n\t\t\t\t<\/div>\n\t\t\t\t<div class=\"elementor-element elementor-element-7c84fa7 elementor-widget elementor-widget-text-editor\" data-id=\"7c84fa7\" data-element_type=\"widget\" data-e-type=\"widget\" data-widget_type=\"text-editor.default\">\n\t\t\t\t<div class=\"elementor-widget-container\">\n\t\t\t\t\t\t\t\t\t<ul><li>\u00c9tape absolument n\u00e9cessaire avant de proc\u00e9der \u00e0 l\u2019achat d\u2019une propri\u00e9t\u00e9;<\/li><li>Obtention d\u2019un r\u00e9sum\u00e9 explicatif de l\u2019\u00e9tat visuel de la propri\u00e9t\u00e9;<\/li><li>Permet d\u2019avoir en main tous les d\u00e9tails concernant l\u2019\u00e9tat g\u00e9n\u00e9ral de la propri\u00e9t\u00e9 et de ses composantes;<\/li><li>Offre une opinion objective de la propri\u00e9t\u00e9 et de la gravit\u00e9 des corrections \u00e0 y apporter;<\/li><li>Inspection effectu\u00e9e selon les crit\u00e8res d\u2019\u00e9valuation pr\u00e9d\u00e9finis par une Norme reconnue\u00a0<\/li><li>Remise d\u2019un rapport \u00e9crit complet, incluant photos et recommandations, dans un d\u00e9lai de 24 heures.<\/li><\/ul>\t\t\t\t\t\t\t\t<\/div>\n\t\t\t\t<\/div>\n\t\t\t\t\t<\/div>\n\t\t<\/div>\n\t\t\t\t\t<\/div>\n\t\t<\/section>\n\t\t\t\t<section class=\"elementor-section elementor-inner-section elementor-element elementor-element-5997979 elementor-section-boxed elementor-section-height-default elementor-section-height-default\" data-id=\"5997979\" data-element_type=\"section\" data-e-type=\"section\" data-settings='{\"_ha_eqh_enable\":false}'>\n\t\t\t\t\t\t<div class=\"elementor-container elementor-column-gap-default\">\n\t\t\t\t\t<div class=\"elementor-column elementor-col-50 elementor-inner-column elementor-element elementor-element-b66c2c9\" data-id=\"b66c2c9\" data-element_type=\"column\" data-e-type=\"column\">\n\t\t\t<div class=\"elementor-widget-wrap elementor-element-populated\">\n\t\t\t\t\t\t<div class=\"elementor-element elementor-element-a5c8acc elementor-widget elementor-widget-image\" data-id=\"a5c8acc\" data-element_type=\"widget\" data-e-type=\"widget\" data-widget_type=\"image.default\">\n\t\t\t\t<div class=\"elementor-widget-container\">\n\t\t\t\t\t\t\t\t\t\t\t\t\t\t\t<img loading=\"lazy\" decoding=\"async\" width=\"400\" height=\"400\" src=\"https:\/\/fs-inspection.com\/wp-content\/uploads\/2021\/06\/pre-vente2.png\" class=\"attachment-large size-large wp-image-252\" alt=\"\" srcset=\"https:\/\/fs-inspection.com\/wp-content\/uploads\/2021\/06\/pre-vente2.png 400w, https:\/\/fs-inspection.com\/wp-content\/uploads\/2021\/06\/pre-vente2-300x300.png 300w, https:\/\/fs-inspection.com\/wp-content\/uploads\/2021\/06\/pre-vente2-150x150.png 150w\" sizes=\"auto, (max-width: 400px) 100vw, 400px\" loading=\"lazy\">\t\t\t\t\t\t\t\t\t\t\t\t\t\t\t<\/div>\n\t\t\t\t<\/div>\n\t\t\t\t\t<\/div>\n\t\t<\/div>\n\t\t\t\t<div class=\"elementor-column elementor-col-50 elementor-inner-column elementor-element elementor-element-62449a1\" data-id=\"62449a1\" data-element_type=\"column\" data-e-type=\"column\">\n\t\t\t<div class=\"elementor-widget-wrap elementor-element-populated\">\n\t\t\t\t\t\t<div class=\"elementor-element elementor-element-05b9998 elementor-widget elementor-widget-heading\" data-id=\"05b9998\" data-element_type=\"widget\" data-e-type=\"widget\" data-widget_type=\"heading.default\">\n\t\t\t\t<div class=\"elementor-widget-container\">\n\t\t\t\t\t<h2 class=\"elementor-heading-title elementor-size-default\">Inspection Pr\u00e9 Vente\n<\/h2>\t\t\t\t<\/div>\n\t\t\t\t<\/div>\n\t\t\t\t<div class=\"elementor-element elementor-element-5576606 elementor-widget elementor-widget-text-editor\" data-id=\"5576606\" data-element_type=\"widget\" data-e-type=\"widget\" data-widget_type=\"text-editor.default\">\n\t\t\t\t<div class=\"elementor-widget-container\">\n\t\t\t\t\t\t\t\t\t<ul><li>Un choix judicieux avant la mise en vente de sa propri\u00e9t\u00e9;<\/li><li>Obtention d\u2019un r\u00e9sum\u00e9 explicatif de l\u2019\u00e9tat visuel de la propri\u00e9t\u00e9;<\/li><li>Permet d\u2019avoir en main tous les d\u00e9tails concernant l\u2019\u00e9tat g\u00e9n\u00e9ral de votre propri\u00e9t\u00e9 et de ses composantes;<\/li><li>Permet de d\u00e9celer les imperfections que vous n\u2019auriez pas d\u00e9j\u00e0 constat\u00e9es;<\/li><li>Permet d\u2019apporter des actions correctives lors de probl\u00e8mes majeurs et d\u2019inclure ces d\u00e9tails \u00e0 la d\u00e9claration du vendeur;<\/li><li>Permet de fixer un prix juste pour la vente de la propri\u00e9t\u00e9;<\/li><li>Inspection effectu\u00e9e selon les crit\u00e8res d\u2019\u00e9valuation pr\u00e9d\u00e9finis par une Norme reconnue\u00a0<\/li><li>Remise d\u2019un rapport \u00e9crit complet, incluant photos et recommandations, dans un d\u00e9lai de 24 heures.<\/li><\/ul>\t\t\t\t\t\t\t\t<\/div>\n\t\t\t\t<\/div>\n\t\t\t\t\t<\/div>\n\t\t<\/div>\n\t\t\t\t\t<\/div>\n\t\t<\/section>\n\t\t\t\t<section class=\"elementor-section elementor-inner-section elementor-element elementor-element-9f82fa8 elementor-section-boxed elementor-section-height-default elementor-section-height-default\" data-id=\"9f82fa8\" data-element_type=\"section\" data-e-type=\"section\" data-settings='{\"_ha_eqh_enable\":false}'>\n\t\t\t\t\t\t<div class=\"elementor-container elementor-column-gap-default\">\n\t\t\t\t\t<div class=\"elementor-column elementor-col-50 elementor-inner-column elementor-element elementor-element-89a123e\" data-id=\"89a123e\" data-element_type=\"column\" data-e-type=\"column\">\n\t\t\t<div class=\"elementor-widget-wrap elementor-element-populated\">\n\t\t\t\t\t\t<div class=\"elementor-element elementor-element-2e58aa7 elementor-widget elementor-widget-image\" data-id=\"2e58aa7\" data-element_type=\"widget\" data-e-type=\"widget\" data-widget_type=\"image.default\">\n\t\t\t\t<div class=\"elementor-widget-container\">\n\t\t\t\t\t\t\t\t\t\t\t\t\t\t\t<img loading=\"lazy\" decoding=\"async\" width=\"400\" height=\"400\" src=\"https:\/\/fs-inspection.com\/wp-content\/uploads\/2021\/06\/preventive2.png\" class=\"attachment-large size-large wp-image-256\" alt=\"\" srcset=\"https:\/\/fs-inspection.com\/wp-content\/uploads\/2021\/06\/preventive2.png 400w, https:\/\/fs-inspection.com\/wp-content\/uploads\/2021\/06\/preventive2-300x300.png 300w, https:\/\/fs-inspection.com\/wp-content\/uploads\/2021\/06\/preventive2-150x150.png 150w\" sizes=\"auto, (max-width: 400px) 100vw, 400px\" loading=\"lazy\">\t\t\t\t\t\t\t\t\t\t\t\t\t\t\t<\/div>\n\t\t\t\t<\/div>\n\t\t\t\t\t<\/div>\n\t\t<\/div>\n\t\t\t\t<div class=\"elementor-column elementor-col-50 elementor-inner-column elementor-element elementor-element-2a30d31\" data-id=\"2a30d31\" data-element_type=\"column\" data-e-type=\"column\">\n\t\t\t<div class=\"elementor-widget-wrap elementor-element-populated\">\n\t\t\t\t\t\t<div class=\"elementor-element elementor-element-8fa2051 elementor-widget elementor-widget-heading\" data-id=\"8fa2051\" data-element_type=\"widget\" data-e-type=\"widget\" data-widget_type=\"heading.default\">\n\t\t\t\t<div class=\"elementor-widget-container\">\n\t\t\t\t\t<h2 class=\"elementor-heading-title elementor-size-default\">Inspection Pr\u00e9ventive, bilan g\u00e9n\u00e9ral\n<\/h2>\t\t\t\t<\/div>\n\t\t\t\t<\/div>\n\t\t\t\t<div class=\"elementor-element elementor-element-c9f98ad elementor-widget elementor-widget-text-editor\" data-id=\"c9f98ad\" data-element_type=\"widget\" data-e-type=\"widget\" data-widget_type=\"text-editor.default\">\n\t\t\t\t<div class=\"elementor-widget-container\">\n\t\t\t\t\t\t\t\t\t<ul><li>Obtention d\u2019une opinion externe et objective de l\u2019\u00e9tat de votre propri\u00e9t\u00e9;<\/li><li>Obtention d\u2019un r\u00e9sum\u00e9 explicatif de l\u2019\u00e9tat visuel de la propri\u00e9t\u00e9;<\/li><li>Obtention d\u2019une liste compl\u00e8te de recommandations;<\/li><li>Permet d\u2019\u00e9valuer les travaux mineurs ou majeurs \u00e0 effectuer;<\/li><li>Permet de prioriser les correctifs et am\u00e9liorations \u00e0 apporter \u00e0 la propri\u00e9t\u00e9 et d\u2019\u00e9tablir un plan budg\u00e9taire;<\/li><li>Remise d\u2019un rapport \u00e9crit complet, incluant photos et recommandations, dans un d\u00e9lai de 24 heures.<\/li><\/ul>\t\t\t\t\t\t\t\t<\/div>\n\t\t\t\t<\/div>\n\t\t\t\t\t<\/div>\n\t\t<\/div>\n\t\t\t\t\t<\/div>\n\t\t<\/section>\n\t\t\t\t\t<\/div>\n\t\t<\/div>\n\t\t\t\t\t<\/div>\n\t\t<\/section>\n\t\t\t\t<\/div>\n\t\t<\/body>","protected":false},"excerpt":{"rendered":"<p>Services d\u2019inspection professionnel Tel que d\u00e9crit par l\u2019APCHQ, \u00ab le but de l\u2019inspection est de donner au client une meilleure connaissance de l\u2019\u00e9tat de l\u2019immeuble convoit\u00e9 au moment de l\u2019inspection \u00bb. Une\u00a0inspection professionnel\u00a0permet donc l\u2019identification des d\u00e9fauts mineurs ou majeurs d\u2019une propri\u00e9t\u00e9. Ces d\u00e9fauts pourraient brimer le futur acheteur de l\u2019usage de la propri\u00e9t\u00e9, pr\u00e9senter [&hellip;]<\/p>\n","protected":false},"author":2,"featured_media":0,"parent":0,"menu_order":0,"comment_status":"closed","ping_status":"open","template":"","meta":{"site-sidebar-layout":"no-sidebar","site-content-layout":"page-builder","ast-site-content-layout":"default","site-content-style":"default","site-sidebar-style":"default","ast-global-header-display":"","ast-banner-title-visibility":"","ast-main-header-display":"","ast-hfb-above-header-display":"","ast-hfb-below-header-display":"","ast-hfb-mobile-header-display":"","site-post-title":"disabled","ast-breadcrumbs-content":"","ast-featured-img":"disabled","footer-sml-layout":"","ast-disable-related-posts":"","theme-transparent-header-meta":"default","adv-header-id-meta":"","stick-header-meta":"","header-above-stick-meta":"","header-main-stick-meta":"","header-below-stick-meta":"","astra-migrate-meta-layouts":"default","ast-page-background-enabled":"default","ast-page-background-meta":{"desktop":{"background-color":"","background-image":"","background-repeat":"repeat","background-position":"center center","background-size":"auto","background-attachment":"scroll","background-type":"","background-media":"","overlay-type":"","overlay-color":"","overlay-opacity":"","overlay-gradient":""},"tablet":{"background-color":"","background-image":"","background-repeat":"repeat","background-position":"center center","background-size":"auto","background-attachment":"scroll","background-type":"","background-media":"","overlay-type":"","overlay-color":"","overlay-opacity":"","overlay-gradient":""},"mobile":{"background-color":"","background-image":"","background-repeat":"repeat","background-position":"center center","background-size":"auto","background-attachment":"scroll","background-type":"","background-media":"","overlay-type":"","overlay-color":"","overlay-opacity":"","overlay-gradient":""}},"ast-content-background-meta":{"desktop":{"background-color":"var(--ast-global-color-5)","background-image":"","background-repeat":"repeat","background-position":"center center","background-size":"auto","background-attachment":"scroll","background-type":"","background-media":"","overlay-type":"","overlay-color":"","overlay-opacity":"","overlay-gradient":""},"tablet":{"background-color":"var(--ast-global-color-5)","background-image":"","background-repeat":"repeat","background-position":"center center","background-size":"auto","background-attachment":"scroll","background-type":"","background-media":"","overlay-type":"","overlay-color":"","overlay-opacity":"","overlay-gradient":""},"mobile":{"background-color":"var(--ast-global-color-5)","background-image":"","background-repeat":"repeat","background-position":"center center","background-size":"auto","background-attachment":"scroll","background-type":"","background-media":"","overlay-type":"","overlay-color":"","overlay-opacity":"","overlay-gradient":""}},"footnotes":""},"class_list":["post-236","page","type-page","status-publish","hentry"],"_links":{"self":[{"href":"https:\/\/fs-inspection.com\/index.php\/wp-json\/wp\/v2\/pages\/236","targetHints":{"allow":["GET"]}}],"collection":[{"href":"https:\/\/fs-inspection.com\/index.php\/wp-json\/wp\/v2\/pages"}],"about":[{"href":"https:\/\/fs-inspection.com\/index.php\/wp-json\/wp\/v2\/types\/page"}],"author":[{"embeddable":true,"href":"https:\/\/fs-inspection.com\/index.php\/wp-json\/wp\/v2\/users\/2"}],"replies":[{"embeddable":true,"href":"https:\/\/fs-inspection.com\/index.php\/wp-json\/wp\/v2\/comments?post=236"}],"version-history":[{"count":58,"href":"https:\/\/fs-inspection.com\/index.php\/wp-json\/wp\/v2\/pages\/236\/revisions"}],"predecessor-version":[{"id":842,"href":"https:\/\/fs-inspection.com\/index.php\/wp-json\/wp\/v2\/pages\/236\/revisions\/842"}],"wp:attachment":[{"href":"https:\/\/fs-inspection.com\/index.php\/wp-json\/wp\/v2\/media?parent=236"}],"curies":[{"name":"wp","href":"https:\/\/api.w.org\/{rel}","templated":true}]}}